 20*w**2 - 3*w - 2. Let q(c) = 17*i(c) + 6*s(c). Is q(-2) composite?
False
Let g = 2354 - 873. Is g composite?
False
Let n(s) = 610*s**3 + 3*s**2 + 3*s - 7. Is n(2) a prime number?
False
Is (-5210)/(-20)*(1 - -1) a prime number?
True
Suppose 10*b - 1988 = 3102. Suppose 596 + b = 5*j. Is j a composite number?
True
Let m(x) = -x**3 - x**2 - 4*x - 11. Let h(v) = -2*v**2 - 2*v - 10. Let c be h(4). Let y be 2/5 - (-270)/c. Is m(y) a composite number?
False
Suppose -14 = -3*v + 2*q, 4*v - 24 = -v + 4*q. Suppose -v*o + 208 = -636. Is o a prime number?
True
Is (-4161)/2*((-56)/21 + 2) a prime number?
False
Let w be (13 + -9 - 0/(-2)) + -2. Suppose -w*o + 5*j + 130 = 0, 0 = 5*j - 4 + 24. Is o a prime number?
False
Let h(p) = 10*p**2 - 33*p + 41. Let u be h(21). Let s = u + -1389. Is s composite?
True
Let r(a) = 14*a**2 - 4*a + 3. Let b = -172 - -272. Let c be b/30 + (-4)/(-6). Is r(c) a composite number?
False
Suppose 2 = -m + 2*m. Is ((-818)/(-3))/(m/3) a composite number?
False
Let c(p) = p**2 + 10*p + 11. Let a be c(-9). Suppose 3*y + s - 15 = a, -y + 3*s - 11 = 0. Suppose y*m = -l + 111, 9*l - 2*m - 643 = 4*l. Is l a prime number?
True
Suppose -1211 = -5*v + 1529. Suppose v = 3*o + 5*n, -6*n = 4*o - n - 739. Is o a prime number?
True
Suppose z = 2*z + 1477. Let w = z - -1051. Let q = -241 - w. Is q a composite number?
True
Let j = -18 + 25. Let n = 450 - j. Suppose -2*q - 2*q + 2*c + 572 = 0, 3*q = -2*c + n. Is q a prime number?
False
Suppose 0*d + 4 = -4*d. Let u(k) = -703*k - 1. Let t be u(d). Suppose 5*g = -4*y + 661 + t, y - 346 = -3*g. Is y a prime number?
True
Suppose -2*p = 8 - 6. Let d(i) = -350*i - 2. Let o be d(p). Suppose 2*a + o = 6*a. Is a composite?
True
Let u = 122018 + -21703. Is u prime?
False
Let q(w) = 514*w**2 - 31*w - 4. Is q(-5) composite?
False
Let k(v) = -v**2 + 3*v. Let r be k(-5). Is (-63)/12*r/6 prime?
False
Let k = 0 + 12. Suppose 766 = -14*l + k*l. Let b = l - -764. Is b composite?
True
Let t(h) = h**3 + 65*h**2 - 76*h - 147. Is t(-45) a prime number?
False
Is 8/(-6) - (-3478655)/159 a composite number?
True
Suppose -3*x - h - 36 = 2*h, 0 = -4*x - 2*h - 42. Let j be 2 + (-2 - (-3 - x)). Is 406 + j*3/(-6) prime?
True
Let s(l) = -9*l**3 - 5*l**2 + 3. Is s(-3) a composite number?
True
Suppose 7*z = 4*z + 31677. Is z composite?
False
Let u(a) = 5*a + 3. Let l(r) = 9*r + 5. Let m(h) = 4*l(h) - 7*u(h). Let z be m(9). Suppose 7*y - z*y = -763. Is y prime?
False
Suppose 2*v - 5*r - 407 = 0, -6*r - 819 = -4*v - r. Is v composite?
True
Suppose -33*x + 41520 = -4746. Is x a composite number?
True
Let r(y) = 3*y**2 - 21*y + 19. Is r(10) a prime number?
True
Suppose 5*w - 2*u = 3*w - 8, 2*w + 2*u + 4 = 0. Is (-905)/((-5)/1) + w a composite number?
True
Let s = -41 + 44. Suppose -3*y = -4*m - 5077, -1238 + 6303 = s*y - m. Is y a composite number?
True
Suppose 5*n + 0*l - 2*l = 8, 5*l = -2*n + 9. Suppose -v - v = -n*m - 508, -m + 1011 = 4*v. Is v prime?
False
Let v(t) be the second derivative of -t**3/6 + 195*t**2 + 11*t. Let m be v(0). Let h = m + -97. Is h composite?
False
Let n = 3804 + 63709. Is n prime?
False
Suppose -f + 220 = -2*f. Let v = f + 448. Let l = v - -343. Is l a prime number?
True
Suppose -7579 = -3*q - 5*u, -5*u + 4858 = 2*q - 188. Is q prime?
False
Let c(a) = 3230*a**3 - 3*a**2 + 4*a - 2. Is c(1) prime?
True
Let u(q) = -5821*q**3 - 2*q**2 - q - 7. Is u(-2) a composite number?
True
Let u(h) = -32*h - 9. Let o be u(9). Let b = -29 - o. Suppose -4*t = -0*t - b. Is t a composite number?
False
Let b be ((-3)/(-4) - 60/48)*834. Let o = b - -1048. Is o prime?
True
Suppose 4*q - 30 = -q. Let f = -85 - q. Let w = f - -210. Is w composite?
True
Let q = -3 - -5. Suppose -q*n + 0 = -2. Is n*(2 - 9)*-11 a prime number?
False
Let o(l) = l**2 + 13*l + 4. Suppose 5*u + 18 + 47 = 0. Let t be o(u). Suppose t*s - v = 142, s - 4*v = 2*s - 27. Is s a prime number?
False
Let o be 3/(-3*2/4). Is (-30 + 1)/(1/o) a composite number?
True
Suppose 3*b - 297 = -3*c, -4*b + 417 - 17 = 3*c. Is b prime?
True
Let g(d) = d**3 - 13*d**2 + 8*d + 42. Is g(22) a composite number?
True
Let w = 87 + -84. Suppose 3955 = -w*g + 10*g. Is g a composite number?
True
Let y(g) = 5*g**2 + 13*g + 37. Let r be (-171)/21 - 3/(-21). Is y(r) a prime number?
False
Let m = 776 + -345. Is m a prime number?
True
Suppose -3*o - 4*i = -14947, 0 = -5*o - 4*i + 27279 - 2370. Is o a composite number?
True
Let n be (8/(-2) + -214)*-1. Suppose -4*c = n - 1390. Is c a composite number?
False
Suppose 16 = a + a. Is 2122*(36/a)/9 a prime number?
True
Suppose -2*v = 5*y - 3283 + 41, 2*v - 3242 = 4*y. Is v a prime number?
True
Let u(i) = 10*i**2 - i - 8. Let b be 3*(-2 - -2 - 1). Is u(b) prime?
False
Suppose 0 = x + 17*x - 83178. Is x prime?
True
Let q(u) = u**3 - 10*u**2 - 10*u - 8. Let n be q(11). Suppose -n*i = -4*i - 826. Is (i/(-3))/((-4)/(-6)) a composite number?
True
Suppose 4*c - 3*y - 316 = 1320, 0 = 4*c - 2*y - 1636. Is c composite?
False
Suppose 5*o = -3*u + 5, -2*o + 1 = -u - 1. Let j be 0/(-4) - (u - -6). Is (-259)/(-2)*(-12)/j a prime number?
False
Suppose 0 = -5*c + 4*v + 1315 + 15820, -13708 = -4*c + 3*v. Is c a composite number?
True
Let y(q) = 209*q**2 + 20*q - 3. Is y(4) a composite number?
True
Let k(u) be the third derivative of u**6/120 - u**5/12 - u**4/4 + 2*u**3/3 + u**2. Let p be k(6). Suppose 0 = -p*g - g + 1535. Is g composite?
False
Suppose 46 = -8*t - 298. Let w = t - -58. Is w prime?
False
Let f(q) = q**2 - 5*q + 4. Let j be (8/(-7))/((-4)/14). Let h be f(j). Suppose h*r - 5*r = -1655. Is r a prime number?
True
Let n(r) = -3*r - 3. Let m be n(-2). Suppose -2*j + 494 = 4*d, 5*j = 2*j + m*d + 786. Is j a prime number?
True
Let y(k) = -k**2 - k + 1. Let c(q) = q**2 + 18*q. Let f(w) = c(w) + 2*y(w). Let g be f(16). Suppose -35 = d - g*d. Is d composite?
True
Suppose 6 + 9 = 3*q. Suppose -q*x = -x - 1952. Suppose r - x = 63. Is r a prime number?
False
Suppose 4*m - 4*y - 24 = 0, 2 = -3*m + 2*y + 18. Suppose 5*o - m*p = -2*p + 212, 0 = -3*o - 2*p + 140. Suppose -3*v = -7*v + o. Is v prime?
True
Is ((-51)/204)/((-2)/81584) a composite number?
True
Suppose 5*c - 277 = -267. Suppose 1 = o - 1. Is ((-1346)/(-4) + c)*o a composite number?
False
Suppose c + 2*c - 9 = 0. Is (-6)/6 - (c - 395) a composite number?
True
Let g be (7 - 3 - 14)*5/(-25). Is g/16*-2 + 50655/44 composite?
False
Let x(a) = 66*a + 8. Let k be x(6). Suppose 0 = -7*p + k - 1993. Let z = p - -412. Is z a prime number?
False
Let f = -3 - -8. Suppose 5*a - f = 10. Suppose 2*k + 1153 = a*z - 2*k, -3*z - k + 1133 = 0. Is z composite?
False
Let g(v) be the first derivative of 13/3*v**3 - 13*v + 2*v**2 - 8 - 1/4*v**4. Is g(9) prime?
True
Let v = 20273 - 3312. Is v composite?
True
Let x(z) = 2*z**2 - 12*z + 3*z**2 + 4*z**2 + z**3 + 7. Suppose i - 3*y + 12 = 0, -4*y + 2*y = -3*i - 29. Is x(i) a composite number?
True
Let w = -8840 - -16837. Is w a prime number?
False
Suppose 251*t = 270*t - 1039699. Is t a prime number?
True
Let s be 8/(-6)*306/68. Is (3 + 0)*4111/s*-2 a composite number?
False
Let d(f) = -51 + 44 + 38 - 20*f. Is d(-14) a composite number?
False
Let z = -35 - -25. Let j(c) = c + 19. Let u be j(z). Is 3*21/u*83 a prime number?
False
Let x(y) = -y + 706*y**2 + 618*y**2 - 2*y - 1 - 546*y**2. Is x(-2) composite?
True
Suppose -k - 112732 = -2*i, i - 4*k = -0*i + 56373. Is i composite?
True
Suppose -5*a - 22 - 48 = 0. Suppose 5*d = p - 26531, -2*d + 3*d - 2*p + 5299 = 0. Is (-4)/a - d/21 a prime number?
False
Let u = -436 - -247. Let v be (-2)/3 - 7368/18. Let o = u - v. Is o prime?
False
Let j = 283 + -427. Is (-583080)/j + 1/(-6) a composite number?
False
Suppose -o = 2*o - 198. Let a = -160 + 171. Let s = o - a. Is s composite?
True
Is (-2)/(-9) - 3079000/(-360) a prime number?
False
Suppose -5*u + 15 = 0, -3*b - 3*u + 42 = -0*b. Is 2/b - 6812/(-44) a composite number?
True
Let k(t) = t + 3. Let o be k(0). Suppose 4*b - 300 = 4*w - 5324, -o*w + 3744 = 5*b. Is w a prime number?
False
Let d = -2 + 4. Let u be 1/2 + 141/d. Let x = 150 - u. Is x a prime number?
True
Let r(a) = 9*a**3 + 13*a**2 + 3*a + 14. Is r(9) a prime number?
False
Suppose 6*a + 406 = 2248. Is a a prime number?
True
Let z(t) = -79*t + 12. Let j(i) = 26*i - 4. Let s(r) = -11*j(r) - 4*z(r). Is s(11) a composite number?
T